{"id":2143,"date":"2024-10-22T11:57:54","date_gmt":"2024-10-22T09:57:54","guid":{"rendered":"https:\/\/optimalhest.dk\/?page_id=2143"},"modified":"2024-11-25T09:22:18","modified_gmt":"2024-11-25T07:22:18","slug":"msp-forside","status":"publish","type":"page","link":"https:\/\/optimalhest.dk\/","title":{"rendered":"MSP Forside"},"content":{"rendered":"<h1>optimal hest<\/h1>\n<h1>OPTIMAL<br \/>HEST<\/h1>\n<div>\n<p>Tekst om heste, heste- og flokliv, tr\u00e6ningsmetoder, medlemsskab samt muligheder for sp\u00f8rgsm\u00e5l og indsendelse af videoer<\/p>\n<p>Lorem ipsum dolor sit amet consetetur sadipscing elitr, sed diam nonumy eirmod tempor invidunt ut labore et dolore magna aliquyam erat, sed diam voluptua.<\/p>\n<\/div>\n<div>Kontakt<\/div>\n<div><a href=\"tel:+55512345678\">Mob. XXXXXX<\/a><\/div>\n<div><a href=\"mailto:email@example.com\">Mail: info@optimalhest.dk<\/a><\/div>\n<div>Services: <br \/>Medlemsskab, tr\u00e6ningstyper etc. <\/p>\n<p>Billeder af forskelige tr\u00e6ningssituationer?,<br class=\"uk-visible@l\" \/>Billeder af forskellige heste.<\/div>\n<div>Oplev gl\u00e6den ved at forst\u00e5 din hest<\/div>\n<ul>\n<li>\n<p>        <img decoding=\"async\" src=\"\/wp-content\/uploads\/horse-portrait-head-halter-48785.jpeg\" alt=\"\"><\/p>\n<h2>Forst\u00e5r din hest dig?<\/h2>\n<p><a href=\"#\">Explore<\/a><\/p>\n<\/li>\n<li>\n<p>        <img decoding=\"async\" src=\"\/wp-content\/uploads\/pexels-photo-7882523-scaled.jpeg\" alt=\"\"><\/p>\n<h2>Rideterapi<\/h2>\n<p><a href=\"#\">Explore<\/a><\/p>\n<\/li>\n<li>\n<p>        <img decoding=\"async\" src=\"\/wp-content\/uploads\/2024\/10\/2024-06-07-16.36.02-scaled.jpg\" alt=\"\"><\/p>\n<h2>Tr\u00e6ning hos dig<\/h2>\n<p><a href=\"#\">Explore<\/a><\/p>\n<\/li>\n<li>\n<p>        <img decoding=\"async\" src=\"\/wp-content\/uploads\/2024\/10\/2024-04-14d.jpg\" alt=\"\"><\/p>\n<h2>Behandling af din hest<\/h2>\n<p><a href=\"#\">Explore<\/a><\/p>\n<\/li>\n<\/ul>\n<div>hvem vinder: Dig eller hesten?<\/div>\n<div>Hvad nu hvis I begge kan &#8220;vinde&#8221; ved hj\u00e6lp af samabejde og positiv forst\u00e6rkning. Det kan g\u00f8res ved at l\u00e6re at tale hestens sprog<\/div>\n<p><!--more--><br \/>\n<!-- {\"type\":\"layout\",\"children\":[{\"type\":\"section\",\"props\":{\"animation\":\"fade\",\"header_transparent\":false,\"header_transparent_noplaceholder\":false,\"height\":\"pixels\",\"image\":\"wp-content\\\/uploads\\\/2024\\\/11\\\/horses-7208013_1920.jpg\",\"image_effect\":\"parallax\",\"image_loading\":true,\"image_parallax_bgy\":\"40vh\",\"image_position\":\"top-center\",\"media_overlay\":\"rgba(0, 0, 0, 0.75)\",\"media_overlay_parallax_opacity\":\"0,1\",\"padding_remove_bottom\":false,\"padding_remove_top\":true,\"preserve_color\":false,\"style\":\"default\",\"text_color\":\"light\",\"title_breakpoint\":\"xl\",\"title_position\":\"top-left\",\"title_rotation\":\"left\",\"vertical_align\":\"\",\"width\":\"expand\"},\"children\":[{\"type\":\"row\",\"children\":[{\"type\":\"column\",\"props\":{\"image_position\":\"center-center\",\"position_sticky_breakpoint\":\"m\",\"vertical_align\":\"middle\"},\"children\":[{\"type\":\"headline\",\"props\":{\"animation\":\"slide-top\",\"content\":\"optimal hest\",\"margin_remove_top\":false,\"position\":\"relative\",\"position_bottom\":\"-250\",\"title_element\":\"h1\",\"title_style\":\"heading-xlarge\",\"visibility\":\"s\"}},{\"type\":\"headline\",\"props\":{\"animation\":\"none\",\"content\":\"OPTIMAL<br \\\/>HEST\",\"css\":\"@media(min-width: 1200px) {\\n    .el-element { margin-top: 20vh; }\\n}\",\"title_element\":\"h1\",\"title_style\":\"heading-2xlarge\",\"visibility\":\"hidden-s\"}}]}],\"props\":{\"height\":\"viewport\",\"height_offset_top\":true,\"margin\":\"remove-vertical\"}},{\"type\":\"row\",\"props\":{\"margin\":\"remove-vertical\"},\"children\":[{\"type\":\"column\",\"props\":{\"image_position\":\"center-center\",\"position_sticky_breakpoint\":\"m\"},\"children\":[{\"type\":\"headline\",\"props\":{\"animation\":\"none\",\"content\":\"\n\n<p>Tekst om heste, heste- og flokliv, tr\\u00e6ningsmetoder, medlemsskab samt muligheder for sp\\u00f8rgsm\\u00e5l og indsendelse af videoer<\\\/p>\\n\n\n<p><br \\\/>Lorem ipsum dolor sit amet consetetur sadipscing elitr, sed diam nonumy eirmod tempor invidunt ut labore et dolore magna aliquyam erat, sed diam voluptua.<\\\/p>\",\"margin\":\"xlarge\",\"maxwidth\":\"2xlarge\",\"title_element\":\"div\",\"title_style\":\"h2\"}}]}]},{\"type\":\"row\",\"props\":{\"css\":\"@media(min-width: 1200px) {\\n    .el-row { margin-top: 30vh!important; }\\n}\",\"layout\":\"1-3,1-3,1-3\",\"margin\":\"xlarge\",\"margin_remove_bottom\":false,\"margin_remove_top\":true,\"row_gap\":\"small\",\"width\":\"expand\"},\"children\":[{\"type\":\"column\",\"props\":{\"image_position\":\"center-center\",\"position_sticky_breakpoint\":\"m\",\"width_large\":\"expand\"}},{\"type\":\"column\",\"props\":{\"image_position\":\"center-center\",\"position_sticky_breakpoint\":\"m\",\"width_large\":\"1-3\",\"width_medium\":\"1-2\",\"width_xlarge\":\"1-4\"}},{\"type\":\"column\",\"props\":{\"image_position\":\"center-center\",\"position_sticky_breakpoint\":\"m\",\"width_large\":\"1-3\",\"width_medium\":\"1-2\",\"width_xlarge\":\"1-4\"},\"children\":[{\"type\":\"headline\",\"props\":{\"content\":\"Kontakt\",\"margin\":\"medium\",\"title_element\":\"div\",\"title_style\":\"h4\"}},{\"type\":\"headline\",\"props\":{\"content\":\"Mob. XXXXXX\",\"link\":\"tel:+55512345678\",\"margin\":\"remove-vertical\",\"margin_remove_top\":true,\"title_element\":\"div\",\"title_style\":\"text-large\"}},{\"type\":\"headline\",\"props\":{\"content\":\"Mail: info@optimalhest.dk\",\"link\":\"mailto:email@example.com\",\"margin_remove_bottom\":true,\"margin_remove_top\":true,\"title_element\":\"div\",\"title_style\":\"text-large\"}}]}]}],\"name\":\"Hero\"},{\"type\":\"section\",\"props\":{\"animation\":\"fade\",\"height_viewport\":200,\"image_position\":\"center-center\",\"padding_remove_top\":false,\"style\":\"default\",\"title_breakpoint\":\"xl\",\"title_position\":\"top-left\",\"title_rotation\":\"left\",\"vertical_align\":\"\",\"width\":\"xlarge\"},\"children\":[{\"type\":\"row\",\"props\":{\"margin\":\"default\",\"margin_remove_top\":true,\"width\":\"expand\"},\"children\":[{\"type\":\"column\",\"props\":{\"image_position\":\"center-center\",\"position_sticky\":\"section\",\"position_sticky_breakpoint\":\"\",\"position_sticky_offset\":\"50vh - 50%\"},\"children\":[{\"type\":\"headline\",\"props\":{\"content\":\"Services: <br \\\/>Medlemsskab, tr\\u00e6ningstyper etc. <br \\\/><br \\\/>Billeder af forskelige tr\\u00e6ningssituationer?,<br class=\\\"uk-visible@l\\\" \\\/>Billeder af forskellige heste.\",\"margin\":\"small\",\"margin_remove_top\":false,\"title_element\":\"div\",\"title_style\":\"heading-small\",\"visibility\":\"s\"}},{\"type\":\"headline\",\"props\":{\"content\":\"Oplev gl\\u00e6den ved at forst\\u00e5 din hest\",\"margin\":\"large\",\"title_element\":\"div\",\"title_style\":\"heading-small\",\"visibility\":\"hidden-xl\"}},{\"type\":\"overlay-slider\",\"props\":{\"animation\":\"none\",\"link_margin\":\"medium\",\"link_style\":\"text\",\"link_text\":\"Explore\",\"link_transition\":\"slide-bottom-medium\",\"margin\":\"default\",\"meta_align\":\"below-title\",\"meta_element\":\"div\",\"meta_style\":\"text-meta\",\"nav\":\"\",\"nav_align\":\"center\",\"nav_breakpoint\":\"s\",\"overlay_active_first\":true,\"overlay_display\":\"active\",\"overlay_link\":false,\"overlay_mode\":\"cover\",\"overlay_position\":\"center\",\"overlay_transition\":\"fade\",\"overlay_transition_background\":false,\"show_content\":true,\"show_hover_image\":true,\"show_hover_video\":true,\"show_link\":true,\"show_meta\":true,\"show_title\":true,\"slidenav\":\"\",\"slidenav_breakpoint\":\"s\",\"slidenav_hover\":false,\"slidenav_margin\":\"medium\",\"slidenav_outside_breakpoint\":\"xl\",\"slider_autoplay_pause\":true,\"slider_center\":true,\"slider_divider\":false,\"slider_finite\":false,\"slider_gap\":\"small\",\"slider_parallax\":true,\"slider_parallax_end\":\"100vh\",\"slider_parallax_start\":\"100vh\",\"slider_parallax_target\":\"!.uk-section\",\"slider_width\":\"fixed\",\"slider_width_default\":\"4-5\",\"slider_width_medium\":\"1-3\",\"slider_width_small\":\"3-5\",\"text_align\":\"center\",\"title_element\":\"h2\",\"title_hover_style\":\"reset\",\"title_link\":false,\"title_style\":\"h1\",\"title_transition\":\"slide-bottom-medium\"},\"children\":[{\"type\":\"overlay-slider_item\",\"props\":{\"image\":\"wp-content\\\/uploads\\\/horse-portrait-head-halter-48785.jpeg\",\"link\":\"#\",\"title\":\"Forst\\u00e5r din hest dig?\"}},{\"type\":\"overlay-slider_item\",\"props\":{\"image\":\"wp-content\\\/uploads\\\/pexels-photo-7882523-scaled.jpeg\",\"link\":\"#\",\"title\":\"Rideterapi\"}},{\"type\":\"overlay-slider_item\",\"props\":{\"image\":\"wp-content\\\/uploads\\\/2024\\\/10\\\/2024-06-07-16.36.02-scaled.jpg\",\"link\":\"#\",\"title\":\"Tr\\u00e6ning hos dig\"}},{\"type\":\"overlay-slider_item\",\"props\":{\"image\":\"wp-content\\\/uploads\\\/2024\\\/10\\\/2024-04-14d.jpg\",\"link\":\"#\",\"title\":\"Behandling af din hest\"}}]}]}]}],\"name\":\"Services\"},{\"type\":\"section\",\"props\":{\"animation\":\"fade\",\"height\":\"viewport\",\"height_viewport\":80,\"image_position\":\"center-center\",\"padding\":\"xlarge\",\"padding_remove_top\":false,\"style\":\"primary\",\"title_breakpoint\":\"xl\",\"title_position\":\"top-left\",\"title_rotation\":\"left\",\"vertical_align\":\"middle\",\"width\":\"expand\"},\"children\":[{\"type\":\"row\",\"children\":[{\"type\":\"column\",\"props\":{\"image_position\":\"center-center\",\"position_sticky_breakpoint\":\"m\"},\"children\":[{\"type\":\"headline\",\"props\":{\"block_align\":\"center\",\"content\":\"hvem vinder: Dig eller hesten?\",\"maxwidth\":\"2xlarge\",\"text_align\":\"left\",\"title_element\":\"div\",\"title_style\":\"heading-medium\"}},{\"type\":\"headline\",\"props\":{\"block_align\":\"center\",\"content\":\"Hvad nu hvis I begge kan \\\"vinde\\\" ved hj\\u00e6lp af samabejde og positiv forst\\u00e6rkning. Det kan g\\u00f8res ved at l\\u00e6re at tale hestens sprog\",\"maxwidth\":\"2xlarge\",\"title_element\":\"div\",\"title_style\":\"h3\"}}]}],\"props\":{\"row_gap\":\"large\"}}],\"name\":\"About\"}],\"version\":\"4.4.15\"} --><\/p>\n","protected":false},"excerpt":{"rendered":"<p>optimal hest OPTIMALHEST Tekst om heste, heste- og flokliv, tr\u00e6ningsmetoder, medlemsskab samt muligheder for sp\u00f8rgsm\u00e5l og indsendelse af videoer Lorem ipsum dolor sit amet consetetur sadipscing elitr, sed diam nonumy eirmod tempor invidunt ut labore et dolore magna aliquyam erat, sed diam voluptua. Kontakt Mob. XXXXXX Mail: info@optimalhest.dk Services: Medlemsskab, tr\u00e6ningstyper etc. Billeder af forskelige [&hellip;]<\/p>\n","protected":false},"author":1,"featured_media":0,"parent":0,"menu_order":0,"comment_status":"closed","ping_status":"closed","template":"","meta":{"_acf_changed":false,"footnotes":""},"class_list":["post-2143","page","type-page","status-publish","hentry"],"acf":[],"_links":{"self":[{"href":"https:\/\/optimalhest.dk\/index.php?rest_route=\/wp\/v2\/pages\/2143","targetHints":{"allow":["GET"]}}],"collection":[{"href":"https:\/\/optimalhest.dk\/index.php?rest_route=\/wp\/v2\/pages"}],"about":[{"href":"https:\/\/optimalhest.dk\/index.php?rest_route=\/wp\/v2\/types\/page"}],"author":[{"embeddable":true,"href":"https:\/\/optimalhest.dk\/index.php?rest_route=\/wp\/v2\/users\/1"}],"replies":[{"embeddable":true,"href":"https:\/\/optimalhest.dk\/index.php?rest_route=%2Fwp%2Fv2%2Fcomments&post=2143"}],"version-history":[{"count":27,"href":"https:\/\/optimalhest.dk\/index.php?rest_route=\/wp\/v2\/pages\/2143\/revisions"}],"predecessor-version":[{"id":2226,"href":"https:\/\/optimalhest.dk\/index.php?rest_route=\/wp\/v2\/pages\/2143\/revisions\/2226"}],"wp:attachment":[{"href":"https:\/\/optimalhest.dk\/index.php?rest_route=%2Fwp%2Fv2%2Fmedia&parent=2143"}],"curies":[{"name":"wp","href":"https:\/\/api.w.org\/{rel}","templated":true}]}}